 7*j - 21. Let p be c(10). Give b(p).
3
Let a(w) = 2*w**3 + 5*w**2 - 7*w - 7. Let q be (-22)/(66/45) + 10. Determine a(q).
-97
Let u(l) be the third derivative of 7/24*l**4 + 3*l**2 + 5/3*l**3 - 1/60*l**5 - 8*l + 0. Let f(s) = -s**2 + 14*s - 16. Let i be f(12). What is u(i)?
2
Let x be (8/(-12))/((24/(-9))/(-4)). Let s(n) = -n**2 - 1. Let z(v) = 8*v**2 - v + 1. Let a(f) = x*z(f) - 2*s(f). Give a(2).
-21
Let g be ((-120)/(-310))/((-4)/(-62)). Let i(p) = p**3 - 13*p - 8. What is i(g)?
130
Let b be 232/6 + 133/21 + -6. Let j = b - 36. Let t be (-2 + j)*6 + 0 + -2. Let y(k) = -k - 1. Give y(t).
-5
Let h(q) be the third derivative of -q**5/30 + q**4/4 + 2*q**3/3 + 3*q**2. Let t(l) = 13*l + 22. Let r be t(-5). Let y = 48 + r. Determine h(y).
-16
Let x(v) = -2*v**3 - 28*v**2 + 30*v + 17. Suppose 32*j - 1355 = -1835. What is x(j)?
17
Suppose 0 = -2*b - 0*b + 10. Let c(k) = -11*k - 5831. Let y(x) = -5*x - 2591. Let u(m) = 4*c(m) - 9*y(m). Determine u(b).
0
Let y(v) = 8*v - 33. Let t(f) = -2*f**2 - 9*f + 74. Let s be t(4). Calculate y(s).
15
Let d(b) = -1. Let g(v) = v**2 + 13*v - 17. Let i = 40 - 46. Let q(c) = i*d(c) + g(c). What is q(-14)?
3
Let i(m) be the third derivative of m**6/120 + m**5/20 - m**4/3 - m**3 + m**2. Suppose j + 6*y - 26 + 7 = 0, -2*j = -4*y + 26. What is i(j)?
-16
Let t(a) = -219*a + 18177. Let u be t(83). Let p(c) = 3*c - 32. Let z(s) = -s + 11. Let m(b) = 2*p(b) + 7*z(b). Give m(u).
13
Let z(k) = 5*k - 74. Suppose -3*x + 4*l = x - 88, -2*l = 2*x - 24. Calculate z(x).
11
Let t be 0/(-15 + 25 + -21). Let b(h) be the third derivative of 0*h + 1/12*h**4 + t - h**3 + 1/60*h**5 + 44*h**2. What is b(-5)?
9
Let r(d) = d**3 + 6*d**2 - d. Let c(q) be the first derivative of -23*q**2 - 326*q - 47. Let x be c(-7). Calculate r(x).
36
Let f = -113 - -114. Let v(c) = 2*c + 1. Let g(h) = 7*h + 3. Let p(d) = f*g(d) - 4*v(d). Give p(2).
-3
Let n be 4 + 73/((-4161)/456) + (-6)/(-2). Let z(q) = 2*q**2 - 5*q - 6. Let s(l) = 0*l + 8 - l**2 - 1 + 6*l. Let u(p) = 5*s(p) + 6*z(p). Determine u(n).
6
Let q(t) = 34*t + 1. Let l(f) be the second derivative of 2*f**3/3 + f + 1. Let m(n) = -6*l(n) + q(n). Let d(b) = -b - 5. Let o be d(-4). Determine m(o).
-9
Let g(m) be the second derivative of -m**4/24 - 7*m**3/6 + 35*m**2/2 + 23*m. Let k(d) be the first derivative of g(d). What is k(6)?
-13
Let r = 1274 + -1273. Let w(u) = -7*u**2 - u. Calculate w(r).
-8
Let u = -165 - -163. Let v(d) = d**3 - 4*d - 4. Let k be v(u). Let c(y) = 2*y**2 + 7*y - 2. What is c(k)?
2
Let h(s) be the third derivative of 0*s + 1/60*s**5 - 59 + 1/6*s**4 - 3*s**2 + 5/6*s**3. Determine h(-2).
1
Let f = -15 - -22. Let t(d) be the third derivative of -d**6/120 + 7*d**5/60 - d**4/12 + 5*d**3/3 + 830*d**2 - 5*d. Calculate t(f).
-4
Let p(d) = -8*d**3 + 2*d - 1. Let f be p(1). Let z be 6 - ((-5 - 5) + 1). Let k(y) = -19 + y + z + 13 + 0*y. Give k(f).
2
Suppose 2*f = w + 979, -8*f + 6*f + 3*w = -989. Let t = f + -490. Let l(c) = -c**3 - 4*c**2 + 7. Calculate l(t).
-2
Let y(v) = 5*v + 12. Let j(d) = -6*d - 11. Let x(k) = -6*j(k) - 7*y(k). Suppose 0 = -3*m + 4*s + 24, 4*s + 12 = 74*m - 72*m. Calculate x(m).
-6
Let a(b) = b**3 + b**2 - 2*b - 2. Let u(n) = n**3 - 19*n**2 - 40*n - 20. Let h be u(21). Suppose 0 = 27*p - h*p - 3*g + 1, -3*p = -g + 3. What is a(p)?
-2
Let g(v) = 464 - 727 + 246 - v + v**2. Give g(-5).
13
Let u(a) = a**2 + 5. Let t be u(0). Let b(l) be the second derivative of -3*l**2 + 6 + 7/6*l**3 + 19*l - 1/12*l**4. Give b(t).
4
Let f(w) = -43*w - 212. Let s = -39970 + 39965. Give f(s).
3
Let m(a) be the first derivative of 2*a**3/3 + 5*a**2/2 + 4*a - 453. Let d(j) = -2*j**2 + 15*j - 23. Let q be d(6). Determine m(q).
29
Let m be 6/(-18) - 38/(-6). Suppose 0 = -5*d + m*d - 34. Let x be d/6 - 3 - (-4)/(-6). Let i(j) = 4*j - 2. Give i(x).
6
Suppose 3 = -435*r + 438*r + 3*c, -4*r - 3*c + 11 = 0. Let z(p) = 32*p - 257. Give z(r).
-1
Let n(s) = -s**2 + 7*s. Let f be (24/(-28))/(4/(-14)). Suppose -3*c = 3*o - 5*c - 2, 5*o - f*c = 5. What is n(o)?
12
Let i be 1/(0 - (-2)/(-14)). Let x(o) = -o**2 - 6*o - 7. Let t(p) = -p - 1. Let n = 170 + -173. Let z(f) = n*t(f) - x(f). What is z(i)?
-4
Let m(p) be the third derivative of -p**4/6 + 5*p**3/3 - 19*p**2 + p. Let v(t) = 23*t - 61. Let z(w) = 34*m(w) + 6*v(w). What is z(13)?
0
Let d(u) = 17*u + 16. Let s be d(-3). Let h be 2/((-1)/(s/10)). Suppose -11 = -h*c + 38. Let m(z) = z**2 - 9*z + 8. Calculate m(c).
-6
Let f(p) = p + 2. Suppose 5*h - u - 17 - 295 = 0, 318 = 5*h + u. Suppose -3*c - h = 18*c. Determine f(c).
-1
Suppose 0 = 4*y - 8 - 0. Suppose 3*b + 4*v - 20 = 0, -y*v - 10 = -7*v. Suppose 17 = -w - 3*d, b*w - w = d - 1. Let a(j) = 2*j**2 + 2*j - 2. What is a(w)?
2
Let l = -19 - -22. Let o(z) = -4*z**3 - 3*z**2 - 3*z + 4. Let x(t) = t**3 - t**2 + 1. Let s(h) = l*x(h) + o(h). Determine s(-6).
25
Let f be -3*(5 - (12 - 6/1)). Let q(u) = -3*u - 2*u - 4*u**3 + 2*u**f - 2 + 3*u + u**3. What is q(-1)?
1
Let l(i) = 3*i**3 + 2*i**2 - 6*i - 5. Let c be (-3)/3*(-3)/(-5)*5. Calculate l(c).
-50
Let a(w) = -2*w**2 - 11*w - 2. Let g be a(-5). Let s(d) = 4*d**2 + 3 + 2 + 0*d**2 + d**g. Suppose -81 = 6*u - 57. Determine s(u).
5
Let n(o) = 2*o + 2. Let c be n(16). Suppose -22 = 4*j - c. Let z(v) be the second derivative of v**4/12 - v**3/2 - v**2/2 - 6*v. Calculate z(j).
-1
Let j(h) be the first derivative of h**4/4 + 8*h**3/3 - 9*h**2 - 31*h - 2908. Calculate j(-10).
-51
Let m be (-6)/(-14) - (-738)/(-1722). Let f(q) = -q**2 + 2*q + 54. Calculate f(m).
54
Let d(q) = q + 15. Suppose 66 = -4*c - z, -16*c + 2*z - 157 = 71. Calculate d(c).
0
Let i(g) = -19*g - 131. Let x be i(-7). Let m(u) = 5*u - 8. Calculate m(x).
2
Suppose 5*t = 2*t - 63. Let o be 3/(-9) + (-8)/18*t. Let w(u) = u**2 - 7*u - 18. Calculate w(o).
0
Let b be 13/3 + (12 - 10 - 5). Let g(n) be the second derivative of -1/3*n**4 + 0 - b*n**3 + 2*n**2 + 1/20*n**5 - n. Calculate g(5).
-11
Let p(q) = -q**3 + 4*q**2 + 8*q - 7. Let u be 2/((-16)/(-10))*252/63. Calculate p(u).
8
Let t(r) = r**3 + 5*r**2 - 6*r - 2. Let v(o) = 600*o + 2395. Let k be v(-4). What is t(k)?
28
Let d(b) = -3*b**2 + 77*b + 28. Let m(c) = -97*c - 265. Let p be m(-3). Calculate d(p).
2
Let l be 15/5*-1 + 10. Suppose 0 = -2*c - 5*i + 3, -2*i - 4 = 2*i. Let j(p) = 2*p + 16*p**2 + 6*p + 1 - 17*p**2 + c. Determine j(l).
12
Suppose -23*j + 36954 = -9667. Suppose r = -2033 + j. Let b(n) = -2 + 2 + n. Calculate b(r).
-6
Let r = -2920 + 2915. Let f(g) be the third derivative of -g**6/120 - g**5/12 + g**4/6 - g**3/6 - 14*g**2. Determine f(r).
-21
Let y(n) be the second derivative of n**5/20 - 7*n**4/6 - 37*n**3/3 + 27*n**2/2 - 4*n + 484. Determine y(18).
-9
Let o(p) = 10*p**2 - 3*p**2 + 3*p**2 - 3*p**2 - 6*p**2 - 8*p. Give o(6).
-12
Let m(u) = -13 + 2*u**3 + 5 - u**3 - 9*u + 7*u**2. Let l = -452 - -479. Let b be -11 + l/36*4/1. Determine m(b).
0
Let f(k) = -3*k + 14. Suppose 22 = -3*d - 2*n - 5, 6*n = -54. Calculate f(d).
23
Let o(v) = v**3 + 25*v**2 + 28*v + 31. Let m be (0 - -1 - 637/455)*60. Give o(m).
-65
Suppose -255 = -6*i - 33. Let t(l) = i*l - 3 + 34*l + 0 - 76*l. Give t(-2).
7
Let m(q) = -4*q**2 - 3*q - 3. Suppose 0*d - 4*d + 836 = -5*l, -d - 324 = 2*l. Let j = l - -255. Let s be (216/(-39))/3 + (-14)/j. What is m(s)?
-13
Suppose 3 = s + 11. Let d = s + 10. Let n(j) = -2*j**2 + 3*j - 1. Let i(u) = -14*u**2 + 19*u - 8. Let g(m) = -i(m) + 5*n(m). Determine g(d).
11
Let w(h) be the third derivative of -7*h**4/24 - 2*h**3/3 - h**2. Let k = -57685 + 57689. Determine w(k).
-32
Let z be (12/10)/((-3)/(-90)). Suppose -36 - z = -3*k. Let n be -2*2*(-6)/k. Let f(t) = -7*t**3 - t. Calculate f(n).
-8
Let s = -10276 - -10274. Let l(t) = 6*t**2 + 3*t + 1. What is l(s)?
19
Let k(n) = 2*n + 3*n - 8 - 7*n. Let m = -921 - -990. Suppose 120 = m*h - 84*h. What is k(h)?
8
Let r(z) = -1466*z**2 - 83*z + 1474*z**2 + z**3 + 29*z - 4. Determine r(-12).
68
Let w(y) = -17*y**2 + 601*y + 3 + 4 - 602*y - 28*y**2 - 6 + 11*y**2. Suppose b + 4*v = -11, -4*b - 7 = -5*v - 26. Calculate w(b).
-34
Let x(t) = -2*t + 16. Let z be (1/(-7)*-1 - (-340)/(-28))/(-1). Give x(z).
-8
Let i(z) be the first derivative of -z**4/12 - 7*z**3/6 - 37*z**2/2 + 102. Let q(h) be the second derivative of i(h). Give q(-5).
3
Let s(a) = -a**3 - 26716*a**2 - 5*a + 2 + 53421*a**2 - 2